 39. Suppose -3*y + 11*c - 12*c = -346, -5*y + 566 = -c. What is the remainder when y is divided by q?
36
Calculate the remainder when 94 is divided by (-2)/(-10) - 1434/(-30).
46
Let j(u) = -u**3 + 15*u**2 + 17*u + 12. Let f be j(16). Let s = 51 - f. Calculate the remainder when s is divided by 12.
11
Let q = -76 + 106. What is the remainder when 130 is divided by q?
10
Let f = -30 - -36. Suppose l - f = -0. What is the remainder when 15 is divided by l?
3
Let t = -310 + 331. Suppose -5*s = -2*a + 45 - 5, -5*a - 35 = s. Calculate the remainder when (-2 - -6)*(0 - s) is divided by t.
19
Let z(w) = -w**2 + 8*w + 12. Suppose -5*i = -14 - 31. Let t be z(i). Suppose -u + 42 = t. Calculate the remainder when u is divided by 21.
18
Suppose 0 = -10*n - 179 - 141. What is the remainder when 30 is divided by ((-24)/n)/(9/132)?
8
Suppose 5*j + 2*h - 427 = 0, -10*h = -5*j - 6*h + 451. Calculate the remainder when 292 is divided by j.
31
Let t(b) = -b**3 - 23*b**2 - 41*b - 31. Calculate the remainder when t(-22) is divided by 39.
36
What is the remainder when 408 is divided by ((-3)/(-39) + 23643/(-117))*-1?
4
Calculate the remainder when 208 is divided by 3/((-4)/(-5) - 2438/3220).
68
Let p be (-7)/(21/(-9))*-2. Let f(l) = 11*l**3 + 2*l**2 - 4*l - 2. Let g be f(-4). What is the remainder when (-2)/(-6) + g/p is divided by 28?
26
Suppose -93*s + 94*s = 124. What is the remainder when s is divided by 14?
12
Let j = -63 + 66. Let u(v) = 2*v - 4. Calculate the remainder when 8 is divided by u(j).
0
Let d(f) = -2*f**2 + 67*f + 27. Calculate the remainder when d(33) is divided by 31.
29
Let j(b) = -b**2 + 4*b - 4. Let t be j(0). Let r = 14 + t. Calculate the remainder when 48 is divided by r.
8
Suppose 2*g = -q + 279, 2*q - 2*g - 582 = 2*g. Calculate the remainder when q is divided by 6.
3
Let f(b) = -b**3 + 14*b**2 + 16*b - 8. Let k = 20 - 18. Calculate the remainder when f(15) is divided by k.
1
Suppose -3*a + 5*j - 7 = -4*a, 0 = 2*a + 5*j - 34. Let b = -395 + 234. Let q = -151 - b. What is the remainder when a is divided by q?
7
Suppose -5*f + 1096 = 4*d, 0 = 26*d - 28*d + f + 534. What is the remainder when d is divided by 18?
17
Calculate the remainder when (-4)/(-3)*(-2)/4*-12 is divided by 2.
0
What is the remainder when 30/24*7304/110 is divided by 9?
2
Let m be (-8)/(-10)*(-1650)/(-15). Suppose 0 = -2*k + 5*z + 44, 4*k - 8*k - 2*z = -m. What is the remainder when k is divided by 8?
6
Calculate the remainder when ((-644)/140)/((-1)/10) is divided by 2.
0
Suppose -6*g - 5*g = 176. Suppose -2*n - 39 = 2*m + 3*m, 2*m - 2*n = -10. Let v = m - g. What is the remainder when 15 is divided by v?
6
Let n(j) = 6 + 15 + j - 6*j - 8. Let a be n(8). Let u = a + 33. What is the remainder when 22 is divided by u?
4
Let l(n) = 3*n**3 + n**2 + 4. Let x(i) = 3*i + 20. Let b be x(7). Suppose b + 31 = 3*a. What is the remainder when l(3) is divided by a?
22
Let s = 15 - 10. Suppose -x + 2*b - 6*b = -44, x = -s*b + 44. Calculate the remainder when x is divided by 15.
14
Let o = -255 + 315. What is the remainder when 419 is divided by o?
59
Let x(l) = -l**3 + 58*l**2 - 116*l + 250. What is the remainder when 90 is divided by x(56)?
12
Suppose 8 + 10 = 3*h. Suppose 0*m - m + 21 = 0. Calculate the remainder when m is divided by h.
3
Let n = -23 - -25. Suppose n*q - 20 + 4 = 0. Let u(m) = m**2 - 2*m - 3. Calculate the remainder when u(q) is divided by 16.
13
Let r = -186 - -121. Let a = r + 76. Calculate the remainder when 43 is divided by a.
10
Let x = 28 + -25. Calculate the remainder when 187/22 - 1/2 is divided by x.
2
Let i = 14 - 11. Suppose i = -5*d + 2*d. Calculate the remainder when 15 is divided by (d/3)/((-11)/198).
3
Suppose -5*y - 65 = 80. Let c = -10 - y. Calculate the remainder when c is divided by 10.
9
Let a(q) = q**2 + q + 12. Let x be a(0). Suppose 0*t = -t + x. Calculate the remainder when 47*(-39)/(-156)*(-1 + 5) is divided by t.
11
Let z = -11 + 15. Suppose -z*q = -7*q - 60. Let j = 82 + q. Calculate the remainder when j is divided by 16.
14
Calculate the remainder when 264 is divided by 140/6 + (17 - -3)/(-60).
11
Suppose 0 = 3*d - 2*d. Suppose d = 5*q - 3*u - 64, -2*u - 1 = 3*q - 28. Calculate the remainder when q is divided by 30/12*14/5.
4
Let y be 27/81 - (-233)/3. Let p = y + -48. What is the remainder when 88 is divided by p?
28
Let a(r) = 3*r - 6. Let n be a(3). Suppose 0 = -n*h + 9, -3*h + 28 = f + 2*h. Calculate the remainder when 37 is divided by f.
11
Let x(t) = 3*t**2 + 2*t. Let c be (0 - -1)*(-1 + -28). Let j = -18 - c. What is the remainder when x(-3) is divided by j?
10
Let x(u) = -8 - 3 + 1 - u + 0. Let g be x(-13). Suppose 5*b = -5*w + 2*b + 40, 5*w - g*b = 40. What is the remainder when 21 is divided by w?
5
Let x = 0 + 39. Suppose 2*g - 2 = g, x = w - 2*g. Suppose -w = -m - 5*k, 2*m - m + 3*k = 41. Calculate the remainder when m is divided by 14.
10
Let j(w) = 4 + 4 + 1 + 3*w - 11 + w**2. Let p be j(-3). Calculate the remainder when 37 is divided by p + 3 + -1 + 19.
18
Let y be 4 + (-9)/(45/(-20)). Suppose 0 = -a - j + 15, 2*a - j - 34 - y = 0. Calculate the remainder when 52 is divided by a.
14
Suppose -750 = -4*h + 2*p, -5*p - 45 + 238 = h. Suppose -7*m + 237 = 104. What is the remainder when h is divided by m?
17
Suppose 456 = -8*n - 528. Let v = n - -175. What is the remainder when v is divided by 14?
10
Let u = 13 + 6. Suppose 7*o - 16 = u. What is the remainder when 14 is divided by o?
4
Let p = 361 + -33. What is the remainder when p is divided by 15?
13
Suppose -33 = -273*c + 272*c. What is the remainder when 107 is divided by c?
8
Let l = -5489 + 5516. Let t = 5 + -1. What is the remainder when l is divided by (-3 - t)*(-2)/2?
6
Suppose 6*a - 12 = 3*a. Suppose 5*i = -a - 1, -3*i = -3*z + 42. Calculate the remainder when 48 is divided by z.
9
Let m(i) = 7*i**2 - 5*i - 3. What is the remainder when 284 is divided by m(-3)?
59
Let t(g) = g**3 - 4*g**2 - 11*g - 47. Let k(x) = -2*x**2. Let y be k(-1). Calculate the remainder when 213/5 - y/5 is divided by t(7).
20
Suppose -2*u = 6*y - 3*y - 2, 2*u = -4*y + 2. Suppose 11 - 2 = 3*v, y = -4*q - 4*v - 76. Let m = -17 - q. Calculate the remainder when 11 is divided by m.
1
Suppose 13*g - 14*g = 3*x - 115, 3*g = -x + 25. Let w = 411 + -214. Calculate the remainder when w is divided by x.
37
Let s be ((-12)/18)/((-2)/30). Suppose -u + s = 24. Let t = 1 - u. What is the remainder when t is divided by 6?
3
Let c(k) = -k**3 - 5*k**2 - 13*k - 13. Calculate the remainder when 154 is divided by c(-5).
50
Let q be (-214)/(-10) + (-9)/(-15). Let g be q/2 - (-1 + 2). Suppose -p = p + 8, 0 = -2*m - 4*p - g. What is the remainder when 4 is divided by m?
1
Let s = 23 + 1. Let f(u) = -u**2 + 19*u + 89. Calculate the remainder when f(21) is divided by s.
23
Let v = 264 + -173. What is the remainder when v is divided by 36?
19
Let s be (4 - -1)/(-4 - -5). Suppose 3*f - s*f + 8 = 0. Suppose 36 = f*x - 12. What is the remainder when 45 is divided by x?
9
Suppose -4*g + y = -163 - 239, 0 = g + 2*y - 96. Suppose a + 12 = 5*a, -56 = -2*q + 4*a. What is the remainder when g is divided by q?
32
Let q(o) = o**2 + 11*o - 55. What is the remainder when q(-17) is divided by 13?
8
Let p(l) = l**2 + 102. Let g(a) = -7*a**2 + 11*a + 21. Let d be g(9). Calculate the remainder when p(0) is divided by 1 - d/18 - (-5)/30.
24
Suppose -3 = 2*h + 3*u, 2*h - u + 6 = 23. What is the remainder when 74 is divided by h?
2
Suppose 0*g = 5*g + 35. Let t(s) = -s**2 - 7*s + 7. Calculate the remainder when 12 is divided by t(g).
5
What is the remainder when (-627)/(-5) + (1122/(-85))/(-22) is divided by 22?
16
Let x be ((-9)/(-5) + 1)*(-10)/(-4). Suppose x*c + 5*c - 312 = 0. What is the remainder when 75 is divided by c?
23
Let f(t) = -19*t - 336. What is the remainder when 26 is divided by f(-19)?
1
Suppose -2*y - 6 = -3*i - 2, 6 = 4*i - 3*y. Suppose 5*j + 5*q - 65 = i, -3*j - q - 4*q + 33 = 0. Calculate the remainder when 1/4 - (-230)/8 is divided by j.
13
Suppose 9*v - 93 = 6*v. What is the remainder when 73 is divided by v?
11
Let t(w) = w**3 - 12*w**2 - 13*w + 2. Let q be t(13). Suppose j - 2*j + 13 = -4*f, q*f - 6 = 0. What is the remainder when 149 is divided by j?
24
Suppose 6 - 31 = -5*m. Suppose 16 = -m*y - 44. Let h(d